{"id":136,"date":"2025-10-08T13:12:23","date_gmt":"2025-10-08T13:12:23","guid":{"rendered":"https:\/\/tri-logis.fr\/?page_id=136"},"modified":"2025-12-06T14:39:08","modified_gmt":"2025-12-06T14:39:08","slug":"dons","status":"publish","type":"page","link":"https:\/\/tri-logis.fr\/index.php\/dons\/","title":{"rendered":"Dons"},"content":{"rendered":"\t\t<div data-elementor-type=\"wp-page\" data-elementor-id=\"136\" class=\"elementor elementor-136\">\n\t\t\t\t<div class=\"elementor-element elementor-element-4e5c866 e-flex e-con-boxed wpr-particle-no wpr-jarallax-no wpr-parallax-no wpr-sticky-section-no e-con e-parent\" data-id=\"4e5c866\" data-element_type=\"container\">\n\t\t\t\t\t<div class=\"e-con-inner\">\n\t\t\t\t<div class=\"elementor-element elementor-element-71d481b elementor-widget elementor-widget-shortcode\" data-id=\"71d481b\" data-element_type=\"widget\" data-widget_type=\"shortcode.default\">\n\t\t\t\t\t\t\t<div class=\"elementor-shortcode\"><style id=\"wpforms-css-vars-131\">\n\t\t\t\t#wpforms-131 {\n\t\t\t\t--wpforms-field-border-color: #c6cbc6;\n--wpforms-field-border-color-spare: #c6cbc6;\n--wpforms-field-text-color: #383c39;\n--wpforms-label-color: #383c39;\n--wpforms-label-sublabel-color: #707971;\n--wpforms-label-error-color: #d63636;\n--wpforms-button-background-color: #58bb5d;\n--wpforms-button-border-color: #58bb5d;\n--wpforms-button-text-color: #eef8ef;\n--wpforms-container-border-radius: 0px;\n--wpforms-page-break-color: #58bb5d;\n--wpforms-field-size-input-height: 43px;\n--wpforms-field-size-input-spacing: 15px;\n--wpforms-field-size-font-size: 16px;\n--wpforms-field-size-line-height: 19px;\n--wpforms-field-size-padding-h: 14px;\n--wpforms-field-size-checkbox-size: 16px;\n--wpforms-field-size-sublabel-spacing: 5px;\n--wpforms-field-size-icon-size: 1;\n--wpforms-label-size-font-size: 16px;\n--wpforms-label-size-line-height: 19px;\n--wpforms-label-size-sublabel-font-size: 14px;\n--wpforms-label-size-sublabel-line-height: 17px;\n--wpforms-button-size-font-size: 17px;\n--wpforms-button-size-height: 41px;\n--wpforms-button-size-padding-h: 15px;\n--wpforms-button-size-margin-top: 10px;\n--wpforms-container-shadow-size-box-shadow: none;\n\t\t\t}\n\t\t\t<\/style><div class=\"wpforms-container wpforms-container-full wpforms-render-modern\" id=\"wpforms-131\"><form id=\"wpforms-form-131\" class=\"wpforms-validate wpforms-form wpforms-ajax-form\" data-formid=\"131\" method=\"post\" enctype=\"multipart\/form-data\" action=\"\/index.php\/wp-json\/wp\/v2\/pages\/136?wpforms_form_id=131\" data-token=\"b049667d2020e6d5ad36cb019092af13\" data-token-time=\"1777555369\"><noscript class=\"wpforms-error-noscript\">Veuillez activer JavaScript dans votre navigateur pour remplir ce formulaire.<\/noscript><div id=\"wpforms-error-noscript\" style=\"display: none;\">Veuillez activer JavaScript dans votre navigateur pour remplir ce formulaire.<\/div><div class=\"wpforms-field-container\"><div id=\"wpforms-131-field_9-container\" class=\"wpforms-field wpforms-field-content\" data-field-id=\"9\"><div id=\"wpforms-131-field_9\" class=\"wpforms-field-large wpforms-field-row\" aria-errormessage=\"wpforms-131-field_9-error\"><h5><img fetchpriority=\"high\" decoding=\"async\" class=\"wp-image-393 size-medium alignleft\" src=\"http:\/\/tri-logis.fr\/wp-content\/uploads\/2026\/02\/WhatsApp-Image-2026-02-5-200x300.jpeg\" alt=\"\" width=\"200\" height=\"300\" srcset=\"https:\/\/tri-logis.fr\/wp-content\/uploads\/2026\/02\/WhatsApp-Image-2026-02-5-200x300.jpeg 200w, https:\/\/tri-logis.fr\/wp-content\/uploads\/2026\/02\/WhatsApp-Image-2026-02-5-683x1024.jpeg 683w, https:\/\/tri-logis.fr\/wp-content\/uploads\/2026\/02\/WhatsApp-Image-2026-02-5-768x1152.jpeg 768w, https:\/\/tri-logis.fr\/wp-content\/uploads\/2026\/02\/WhatsApp-Image-2026-02-5.jpeg 1000w\" sizes=\"(max-width: 200px) 100vw, 200px\" \/><\/h5>\n<h6>La ressourcerie Tri-Logis accepte vos dons : v\u00eatements, vaisselle, jouets bibelots, petits meubles, ... En donnant, vous participez\u00a0\u00e0 la r\u00e9duction\u00a0des d\u00e9chets et \u00e0 la cr\u00e9ation d'emploi solidaire avec Chantiers-Yvelines. Contacter nous pour proposer vos dons.<\/h6>\n<div class=\"wpforms-field-content-display-frontend-clear\"><\/div><\/div><\/div><div id=\"wpforms-131-field_1-container\" class=\"wpforms-field wpforms-field-name\" data-field-id=\"1\"><fieldset><legend class=\"wpforms-field-label\">Nom <span class=\"wpforms-required-label\" aria-hidden=\"true\">*<\/span><\/legend><div class=\"wpforms-field-row wpforms-field-medium\"><div class=\"wpforms-field-row-block wpforms-first wpforms-one-half\"><input type=\"text\" id=\"wpforms-131-field_1\" class=\"wpforms-field-name-first wpforms-field-required\" name=\"wpforms[fields][1][first]\" aria-errormessage=\"wpforms-131-field_1-error\" required><label for=\"wpforms-131-field_1\" class=\"wpforms-field-sublabel after\">Pr\u00e9nom<\/label><\/div><div class=\"wpforms-field-row-block wpforms-one-half\"><input type=\"text\" id=\"wpforms-131-field_1-last\" class=\"wpforms-field-name-last wpforms-field-required\" name=\"wpforms[fields][1][last]\" aria-errormessage=\"wpforms-131-field_1-last-error\" required><label for=\"wpforms-131-field_1-last\" class=\"wpforms-field-sublabel after\">Nom<\/label><\/div><\/div><\/fieldset><\/div>\t\t<div id=\"wpforms-131-field_5-container\"\n\t\t\tclass=\"wpforms-field wpforms-field-text\"\n\t\t\tdata-field-type=\"text\"\n\t\t\tdata-field-id=\"5\"\n\t\t\t>\n\t\t\t<label class=\"wpforms-field-label\" for=\"wpforms-131-field_5\" >une E-mail pouvez<\/label>\n\t\t\t<input type=\"text\" id=\"wpforms-131-field_5\" class=\"wpforms-field-medium\" name=\"wpforms[fields][5]\" >\n\t\t<\/div>\n\t\t<div id=\"wpforms-131-field_4-container\" class=\"wpforms-field wpforms-field-phone\" data-field-id=\"4\"><label class=\"wpforms-field-label\" for=\"wpforms-131-field_4\">T\u00e9l\u00e9phone <span class=\"wpforms-required-label\" aria-hidden=\"true\">*<\/span><\/label><input type=\"tel\" id=\"wpforms-131-field_4\" class=\"wpforms-field-medium wpforms-field-required wpforms-smart-phone-field\" data-rule-smart-phone-field=\"true\" name=\"wpforms[fields][4]\" aria-label=\"T\u00e9l\u00e9phone\" aria-errormessage=\"wpforms-131-field_4-error\" required><\/div><div id=\"wpforms-131-field_2-container\" class=\"wpforms-field wpforms-field-email\" data-field-id=\"2\"><label class=\"wpforms-field-label\" for=\"wpforms-131-field_2\">E-mail <span class=\"wpforms-required-label\" aria-hidden=\"true\">*<\/span><\/label><input type=\"email\" id=\"wpforms-131-field_2\" class=\"wpforms-field-medium wpforms-field-required\" name=\"wpforms[fields][2]\" spellcheck=\"false\" aria-errormessage=\"wpforms-131-field_2-error\" required><\/div><div id=\"wpforms-131-field_10-container\" class=\"wpforms-field wpforms-field-address\" data-field-id=\"10\"><fieldset><legend class=\"wpforms-field-label\">Adresse<\/legend><div class=\"wpforms-field-row wpforms-field-medium\"><div ><input type=\"text\" id=\"wpforms-131-field_10\" class=\"wpforms-field-address-address1\" name=\"wpforms[fields][10][address1]\" aria-errormessage=\"wpforms-131-field_10-error\" ><label for=\"wpforms-131-field_10\" class=\"wpforms-field-sublabel after\">Adresse ligne\u00a01<\/label><\/div><\/div><div class=\"wpforms-field-row wpforms-field-medium\"><div ><input type=\"text\" id=\"wpforms-131-field_10-address2\" class=\"wpforms-field-address-address2\" name=\"wpforms[fields][10][address2]\" aria-errormessage=\"wpforms-131-field_10-address2-error\" ><label for=\"wpforms-131-field_10-address2\" class=\"wpforms-field-sublabel after\">Adresse ligne 2<\/label><\/div><\/div><div class=\"wpforms-field-row wpforms-field-medium\"><div class=\"wpforms-field-row-block wpforms-one-half wpforms-first\"><input type=\"text\" id=\"wpforms-131-field_10-city\" class=\"wpforms-field-address-city\" name=\"wpforms[fields][10][city]\" aria-errormessage=\"wpforms-131-field_10-city-error\" ><label for=\"wpforms-131-field_10-city\" class=\"wpforms-field-sublabel after\">Ville<\/label><\/div><div class=\"wpforms-field-row-block wpforms-one-half\"><select id=\"wpforms-131-field_10-state\" class=\"wpforms-field-address-state\" name=\"wpforms[fields][10][state]\" aria-errormessage=\"wpforms-131-field_10-state-error\" ><option class=\"placeholder\" value=\"\" selected disabled>--- S\u00e9lectionner\u00a0: state ---<\/option><option value=\"AL\" >Alabama<\/option><option value=\"AK\" >Alaska<\/option><option value=\"AZ\" >Arizona<\/option><option value=\"AR\" >Arkansas<\/option><option value=\"CA\" >Californie<\/option><option value=\"CO\" >Colorado<\/option><option value=\"CT\" >Connecticut<\/option><option value=\"DE\" >Delaware<\/option><option value=\"DC\" >District de Columbia<\/option><option value=\"FL\" >Floride<\/option><option value=\"GA\" >G\u00e9orgie<\/option><option value=\"HI\" >Hawa\u00ef<\/option><option value=\"ID\" >Idaho<\/option><option value=\"IL\" >Illinois<\/option><option value=\"IN\" >Indiana<\/option><option value=\"IA\" >Iowa<\/option><option value=\"KS\" >Kansas<\/option><option value=\"KY\" >Kentucky<\/option><option value=\"LA\" >Louisiane<\/option><option value=\"ME\" >Maine<\/option><option value=\"MD\" >Maryland<\/option><option value=\"MA\" >Massachusetts<\/option><option value=\"MI\" >Michigan<\/option><option value=\"MN\" >Minnesota<\/option><option value=\"MS\" >Mississippi<\/option><option value=\"MO\" >Missouri<\/option><option value=\"MT\" >Montana<\/option><option value=\"NE\" >Nebraska<\/option><option value=\"NV\" >Nevada<\/option><option value=\"NH\" >New Hampshire<\/option><option value=\"NJ\" >New Jersey<\/option><option value=\"NM\" >Nouveau-Mexique<\/option><option value=\"NY\" >New York<\/option><option value=\"NC\" >Caroline du Nord<\/option><option value=\"ND\" >Dakota du Nord<\/option><option value=\"OH\" >Ohio<\/option><option value=\"OK\" >Oklahoma<\/option><option value=\"OR\" >Oregon<\/option><option value=\"PA\" >Pennsylvanie<\/option><option value=\"RI\" >Rhode Island<\/option><option value=\"SC\" >Caroline du Sud<\/option><option value=\"SD\" >Dakota du Sud<\/option><option value=\"TN\" >Tennessee<\/option><option value=\"TX\" >Texas<\/option><option value=\"UT\" >Utah<\/option><option value=\"VT\" >Vermont<\/option><option value=\"VA\" >Virginie<\/option><option value=\"WA\" >Washington<\/option><option value=\"WV\" >Virginie-Occidentale<\/option><option value=\"WI\" >Wisconsin<\/option><option value=\"WY\" >Wyoming<\/option><\/select><label for=\"wpforms-131-field_10-state\" class=\"wpforms-field-sublabel after\">\u00c9tat<\/label><\/div><\/div><div class=\"wpforms-field-row wpforms-field-medium\"><div class=\"wpforms-field-row-block wpforms-one-half wpforms-first\"><input type=\"text\" id=\"wpforms-131-field_10-postal\" class=\"wpforms-field-address-postal wpforms-masked-input\" data-inputmask-mask=\"(99999)|(99999-9999)\" data-inputmask-keepstatic=\"true\" data-rule-inputmask-incomplete=\"1\" name=\"wpforms[fields][10][postal]\" aria-errormessage=\"wpforms-131-field_10-postal-error\" ><label for=\"wpforms-131-field_10-postal\" class=\"wpforms-field-sublabel after\">Code postal<\/label><\/div><\/div><\/fieldset><\/div><div id=\"wpforms-131-field_3-container\" class=\"wpforms-field wpforms-field-textarea\" data-field-id=\"3\"><label class=\"wpforms-field-label\" for=\"wpforms-131-field_3\">D\u00e9crivez votre don<\/label><textarea id=\"wpforms-131-field_3\" class=\"wpforms-field-medium\" name=\"wpforms[fields][3]\" aria-errormessage=\"wpforms-131-field_3-error\" ><\/textarea><\/div><div id=\"wpforms-131-field_8-container\" class=\"wpforms-field wpforms-field-camera\" data-field-id=\"8\"><label class=\"wpforms-field-label\" for=\"wpforms-131-field_8\">Camera<\/label><button type=\"button\" class=\"wpforms-camera-button wpforms-btn-secondary\" id=\"8\"><svg width=\"16\" height=\"14\" viewBox=\"0 0 16 14\" fill=\"none\" xmlns=\"http:\/\/www.w3.org\/2000\/svg\"><path d=\"M4.65625 1.03125C4.875 0.40625 5.4375 0 6.09375 0H9.90625C10.5625 0 11.125 0.40625 11.3438 1.03125L11.6562 2H14C15.0938 2 16 2.90625 16 4V12C16 13.0938 15.0938 14 14 14H2C0.90625 14 0 13.0938 0 12V4C0 2.90625 0.90625 2 2 2H4.34375L4.65625 1.03125ZM8 5C6.34375 5 5 6.34375 5 8C5 9.65625 6.34375 11 8 11C9.65625 11 11 9.65625 11 8C11 6.34375 9.65625 5 8 5Z\"\/><\/svg> Capture With Your Camera<\/button><div class=\"wpforms-camera-selected-file\"><span><\/span> <button class=\"wpforms-camera-remove-file\" title=\"Remove file\"><svg width=\"13\" height=\"15\" fill=\"none\" xmlns=\"http:\/\/www.w3.org\/2000\/svg\"><path d=\"M4.121.914a.853.853 0 0 1 .82-.602H8.06c.382 0 .71.247.82.602l.246.711h2.625c.492 0 .875.383.875.875a.864.864 0 0 1-.875.875H1.25A.864.864 0 0 1 .375 2.5c0-.492.383-.875.875-.875h2.625l.246-.71Zm7.629 3.774-.574 8.832c-.055.683-.63 1.23-1.313 1.23H3.137c-.684 0-1.258-.547-1.313-1.23L1.25 4.688h10.5Z\"\/><\/svg><\/button><\/div><input type=\"file\" id=\"wpforms-131-field_8\" data-rule-extension=\"jpg,jpeg,png,webm,mp4\" data-rule-maxsize=\"134217728\" name=\"wpforms_131_8\" accept=\".jpg,.jpeg,.png,.webm,.mp4\" aria-errormessage=\"wpforms-131-field_8-error\" ><div id=\"wpforms-camera-modal-131-8\" class=\"wpforms-camera-modal-overlay wpforms-camera-format-photo\"  style=\"display: none;\" data-field-id=\"8\"  data-form-id=\"131\">\n\t<div class=\"wpforms-camera-modal\">\n\t\t<div class=\"wpforms-camera-modal-header\">\n\t\t\t<div class=\"wpforms-camera-modal-title\">Camera Preview<\/div>\n\t\t\t<div class=\"wpforms-camera-modal-close\">\n\t\t\t\t<svg xmlns=\"http:\/\/www.w3.org\/2000\/svg\" width=\"12\" height=\"11\" fill=\"none\">\n\t\t\t\t\t<path d=\"M10.688 2.219 7.405 5.5l3.282 3.313a.964.964 0 0 1 0 1.406.964.964 0 0 1-1.407 0L6 6.938l-3.313 3.28a.964.964 0 0 1-1.406 0 .964.964 0 0 1 0-1.405L4.563 5.5 1.28 2.219a.964.964 0 0 1 0-1.406.964.964 0 0 1 1.407 0L6 4.092 9.281.814a.964.964 0 0 1 1.406 0 .964.964 0 0 1 0 1.406Z\"\/>\n\t\t\t\t<\/svg>\n\t\t\t<\/div>\n\t\t<\/div>\n\n\t\t<div class=\"wpforms-camera-modal-content\">\n\t\t\t<div class=\"wpforms-camera-preview\">\n\t\t\t\t<video id=\"wpforms-camera-video-131-8\" autoplay playsinline muted disablepictureinpicture><\/video>\n\t\t\t<\/div>\n\t\t\t<div class=\"wpforms-camera-error\"><\/div>\n\t\t<\/div>\n\n\t\t\t\t\t<div class=\"wpforms-camera-modal-footer\">\n\t\t\t\t<div class=\"wpforms-camera-modal-actions\">\n\t\t\t\t\t<button class=\"wpforms-camera-capture\" title=\"Capture Photo\" disabled>\n\t\t\t\t\t\t\t<svg xmlns=\"http:\/\/www.w3.org\/2000\/svg\" width=\"24\" height=\"22\" fill=\"none\">\n\t\t\t\t\t\t\t\t<path fill=\"#fff\" d=\"M6.984 2.047C7.313 1.109 8.156.5 9.141.5h5.718c.985 0 1.829.61 2.157 1.547l.468 1.453H21c1.64 0 3 1.36 3 3v12c0 1.64-1.36 3-3 3H3c-1.64 0-3-1.36-3-3v-12c0-1.64 1.36-3 3-3h3.516l.468-1.453ZM12 8a4.501 4.501 0 0 0 0 9 4.501 4.501 0 0 0 0-9Z\"\/>\n\t\t\t\t\t\t\t<\/svg>\n\t\t\t\t\t<\/button>\n\t\t\t\t\t<button class=\"wpforms-camera-stop\" style=\"display:none;\">O<\/button>\n\t\t\t\t\t<div class=\"wpforms-camera-countdown\" style=\"display: none;\">\n\t\t\t\t\t\t<svg>\n\t\t\t\t\t\t\t<circle class=\"bg\" r=\"22\"><\/circle>\n\t\t\t\t\t\t\t<circle class=\"progress\" r=\"22\"><\/circle>\n\t\t\t\t\t\t<\/svg>\n\t\t\t\t\t\t<span>3<\/span>\n\t\t\t\t\t<\/div>\n\t\t\t\t\t<div class=\"wpforms-camera-flip\"><\/div>\n\t\t\t\t<\/div>\n\t\t\t\t<div class=\"wpforms-camera-modal-buttons\" style=\"display: none;\">\n\t\t\t\t\t<button class=\"wpforms-camera-cancel\" title=\"Retake Photo\"><\/button>\n\t\t\t\t\t<button class=\"wpforms-camera-accept\">Use Photo<\/button>\n\t\t\t\t\t<button class=\"wpforms-camera-accept-crop\" style=\"display: none;\">Apply Crop<\/button>\n\t\t\t\t\t<button class=\"wpforms-camera-crop\" title=\"Crop Photo\"><\/button>\n\t\t\t\t\t<button class=\"wpforms-camera-crop-cancel\" title=\"Cancel Crop\" style=\"display: none;\"><\/button>\n\t\t\t\t<\/div>\n\t\t<\/div>\n\t\t\n\t\t<canvas id=\"wpforms-camera-canvas-131-8\" style=\"display:none;\"><\/canvas>\n\t<\/div>\n<\/div>\n<\/div><div id=\"wpforms-131-field_7-container\" class=\"wpforms-field wpforms-field-file-upload\" data-field-id=\"7\"><label class=\"wpforms-field-label\" for=\"wpforms-131-field_7\">Vous pouvez d\u00e9poser une image des objets \u00e0 donner<\/label><div\n\t\tclass=\"wpforms-uploader \"\n\t\tdata-field-id=\"7\"\n\t\tdata-form-id=\"131\"\n\t\tdata-input-name=\"wpforms_131_7\"\n\t\tdata-extensions=\"jpg,jpeg,jpe,gif,png,bmp,tiff,tif,webp,avif,ico,heic,heif,heics,heifs,asf,asx,wmv,wmx,wm,avi,divx,mov,qt,mpeg,mpg,mpe,mp4,m4v,ogv,webm,mkv,3gp,3gpp,3g2,3gp2,txt,asc,c,cc,h,srt,csv,tsv,ics,rtx,css,vtt,mp3,m4a,m4b,aac,ra,ram,wav,x-wav,ogg,oga,flac,mid,midi,wma,wax,mka,rtf,pdf,class,tar,zip,gz,gzip,rar,7z,psd,xcf,doc,pot,pps,ppt,wri,xla,xls,xlt,xlw,mpp,docx,docm,dotx,dotm,xlsx,xlsm,xlsb,xltx,xltm,xlam,pptx,pptm,ppsx,ppsm,potx,potm,ppam,sldx,sldm,onetoc,onetoc2,onepkg,oxps,xps,odt,odp,ods,odg,odc,odb,odf,wp,wpd,key,numbers,pages\"\n\t\tdata-max-size=\"134217728\"\n\t\tdata-max-file-number=\"1\"\n\t\tdata-post-max-size=\"134217728\"\n\t\tdata-max-parallel-uploads=\"4\"\n\t\tdata-parallel-uploads=\"true\"\n\t\tdata-file-chunk-size=\"2097152\">\n\t<div class=\"dz-message\">\n\t\t<svg  viewBox=\"0 0 640 640\" focusable=\"false\" data-icon=\"inbox\" width=\"50px\" height=\"50px\" fill=\"currentColor\" aria-hidden=\"true\">\n\t\t\t<path d=\"M352 173.3L352 384C352 401.7 337.7 416 320 416C302.3 416 288 401.7 288 384L288 173.3L246.6 214.7C234.1 227.2 213.8 227.2 201.3 214.7C188.8 202.2 188.8 181.9 201.3 169.4L297.3 73.4C309.8 60.9 330.1 60.9 342.6 73.4L438.6 169.4C451.1 181.9 451.1 202.2 438.6 214.7C426.1 227.2 405.8 227.2 393.3 214.7L352 173.3zM320 464C364.2 464 400 428.2 400 384L480 384C515.3 384 544 412.7 544 448L544 480C544 515.3 515.3 544 480 544L160 544C124.7 544 96 515.3 96 480L96 448C96 412.7 124.7 384 160 384L240 384C240 428.2 275.8 464 320 464zM464 488C477.3 488 488 477.3 488 464C488 450.7 477.3 440 464 440C450.7 440 440 450.7 440 464C440 477.3 450.7 488 464 488z\"\/>\n\t\t<\/svg>\n\n\t\t<span class=\"modern-title\">\n\t\t\t\t\t\t\tDrag &amp; Drop Files, \t\t\t\t<span>Choose Files to Upload<\/span>\n\t\t\t\t\t<\/span>\n\n\t\t\t<\/div>\n<\/div>\n\n<input\n\t\ttype=\"text\"\n\t\tautocomplete=\"off\"\n\t\treadonly\n\t\tclass=\"dropzone-input\"\n\t\tstyle=\"position:absolute!important;clip:rect(0,0,0,0)!important;height:1px!important;width:1px!important;border:0!important;overflow:hidden!important;padding:0!important;margin:0!important;\"\n\t\tid=\"wpforms-131-field_7\"\n\t\tname=\"wpforms_131_7\" \t\tvalue=\"\">\n<\/div><script>\n\t\t\t\t( function() {\n\t\t\t\t\tconst style = document.createElement( 'style' );\n\t\t\t\t\tstyle.appendChild( document.createTextNode( '#wpforms-131-field_5-container { position: absolute !important; overflow: hidden !important; display: inline !important; height: 1px !important; width: 1px !important; z-index: -1000 !important; padding: 0 !important; } #wpforms-131-field_5-container input { visibility: hidden; } #wpforms-conversational-form-page #wpforms-131-field_5-container label { counter-increment: none; }' ) );\n\t\t\t\t\tdocument.head.appendChild( style );\n\t\t\t\t\tdocument.currentScript?.remove();\n\t\t\t\t} )();\n\t\t\t<\/script><\/div><!-- .wpforms-field-container --><div class=\"wpforms-submit-container\" ><input type=\"hidden\" name=\"wpforms[id]\" value=\"131\"><input type=\"hidden\" name=\"page_title\" value=\"\"><input type=\"hidden\" name=\"page_url\" value=\"https:\/\/tri-logis.fr\/index.php\/wp-json\/wp\/v2\/pages\/136\"><input type=\"hidden\" name=\"url_referer\" value=\"\"><button type=\"submit\" name=\"wpforms[submit]\" id=\"wpforms-submit-131\" class=\"wpforms-submit\" data-alt-text=\"Envoi...\" data-submit-text=\"Envoyer\" aria-live=\"assertive\" value=\"wpforms-submit\">Envoyer<\/button><img decoding=\"async\" src=\"https:\/\/tri-logis.fr\/wp-content\/plugins\/wpforms\/assets\/images\/submit-spin.svg\" class=\"wpforms-submit-spinner\" style=\"display: none;\" width=\"26\" height=\"26\" alt=\"Chargement en cours\"><\/div><\/form><\/div>  <!-- .wpforms-container --><\/div>\n\t\t\t\t\t\t<\/div>\n\t\t\t\t\t<\/div>\n\t\t\t\t<\/div>\n\t\t\t\t<\/div>\n\t\t","protected":false},"excerpt":{"rendered":"","protected":false},"author":1,"featured_media":0,"parent":0,"menu_order":0,"comment_status":"closed","ping_status":"closed","template":"elementor_header_footer","meta":{"zakra_sidebar_layout":"customizer","zakra_remove_content_margin":false,"zakra_sidebar":"customizer","zakra_transparent_header":"customizer","zakra_logo":0,"zakra_main_header_style":"default","zakra_menu_item_color":"","zakra_menu_item_hover_color":"","zakra_menu_item_active_color":"","zakra_menu_active_style":"","zakra_page_header":true,"footnotes":""},"class_list":["post-136","page","type-page","status-publish","hentry"],"_links":{"self":[{"href":"https:\/\/tri-logis.fr\/index.php\/wp-json\/wp\/v2\/pages\/136","targetHints":{"allow":["GET"]}}],"collection":[{"href":"https:\/\/tri-logis.fr\/index.php\/wp-json\/wp\/v2\/pages"}],"about":[{"href":"https:\/\/tri-logis.fr\/index.php\/wp-json\/wp\/v2\/types\/page"}],"author":[{"embeddable":true,"href":"https:\/\/tri-logis.fr\/index.php\/wp-json\/wp\/v2\/users\/1"}],"replies":[{"embeddable":true,"href":"https:\/\/tri-logis.fr\/index.php\/wp-json\/wp\/v2\/comments?post=136"}],"version-history":[{"count":4,"href":"https:\/\/tri-logis.fr\/index.php\/wp-json\/wp\/v2\/pages\/136\/revisions"}],"predecessor-version":[{"id":158,"href":"https:\/\/tri-logis.fr\/index.php\/wp-json\/wp\/v2\/pages\/136\/revisions\/158"}],"wp:attachment":[{"href":"https:\/\/tri-logis.fr\/index.php\/wp-json\/wp\/v2\/media?parent=136"}],"curies":[{"name":"wp","href":"https:\/\/api.w.org\/{rel}","templated":true}]}}